2111?
1
What is the tens digit of 3698?
9
What is the hundreds digit of 35792?
7
What is the tens digit of 722?
2
What is the hundreds digit of 62917?
9
What is the units digit of 1347?
7
What is the units digit of 5651?
1
What is the hundreds digit of 734?
7
What is the hundreds digit of 8051?
0
What is the ten thousands digit of 22014?
2
What is the thousands digit of 20315?
0
What is the units digit of 173?
3
What is the ten thousands digit of 42519?
4
What is the hundreds digit of 48358?
3
What is the units digit of 8727?
7
What is the hundreds digit of 3157?
1
What is the units digit of 19821?
1
What is the units digit of 17823?
3
What is the hundreds digit of 48565?
5
What is the hundreds digit of 453?
4
What is the units digit of 236?
6
What is the units digit of 4019?
9
What is the units digit of 2978?
8
What is the ten thousands digit of 115442?
1
What is the units digit of 47618?
8
What is the hundreds digit of 9743?
7
What is the units digit of 158268?
8
What is the units digit of 3050?
0
What is the hundreds digit of 3809?
8
What is the hundreds digit of 5469?
4
What is the hundreds digit of 4184?
1
What is the hundreds digit of 9364?
3
What is the thousands digit of 125339?
5
What is the hundreds digit of 34598?
5
What is the tens digit of 302?
0
What is the units digit of 13?
3
What is the hundreds digit of 43807?
8
What is the thousands digit of 1266?
1
What is the tens digit of 787?
8
What is the hundreds digit of 12609?
6
What is the hundreds digit of 26813?
8
What is the hundreds digit of 960?
9
What is the hundreds digit of 2054?
0
What is the ten thousands digit of 26202?
2
What is the hundreds digit of 1502?
5
What is the hundreds digit of 1272?
2
What is the thousands digit of 14901?
4
What is the tens digit of 27604?
0
What is the units digit of 592?
2
What is the units digit of 1242?
2
What is the tens digit of 1086?
8
What is the hundreds digit of 475?
4
What is the thousands digit of 3555?
3
What is the hundreds digit of 13918?
9
What is the tens digit of 154?
5
What is the hundreds digit of 5698?
6
What is the tens digit of 153?
5
What is the tens digit of 15902?
0
What is the hundreds digit of 94949?
9
What is the units digit of 946?
6
What is the thousands digit of 24147?
4
What is the units digit of 619?
9
What is the units digit of 1107?
7
What is the units digit of 75261?
1
What is the units digit of 7759?
9
What is the hundreds digit of 8184?
1
What is the units digit of 4243?
3
What is the tens digit of 1115?
1
What is the units digit of 1662?
2
What is the units digit of 82543?
3
What is the hundreds digit of 1229?
2
What is the hundreds digit of 128272?
2
What is the hundreds digit of 593?
5
What is the units digit of 937?
7
What is the thousands digit of 1658?
1
What is the units digit of 687?
7
What is the thousands digit of 3628?
3
What is the tens digit of 50069?
6
What is the units digit of 3608?
8
What is the hundreds digit of 1661?
6
What is the hundreds digit of 12745?
7
What is the tens digit of 163719?
1
What is the tens digit of 629?
2
What is the units digit of 1116?
6
What is the hundreds digit of 31472?
4
What is the ten thousands digit of 106578?
0
What is the tens digit of 1974?
7
What is the tens digit of 74198?
9
What is the hundreds digit of 14479?
4
What is the hundreds digit of 3053?
0
What is the ten thousands digit of 128583?
2
What is the tens digit of 1573?
7
What is the units digit of 82410?
0
What is the ten thousands digit of 11983?
1
What is the ten thousands digit of 43319?
4
What is the units digit of 21?
1
What is the units digit of 23509?
9
What is the units digit of 378?
8
What is the tens digit of 34?
3
What is the thousands digit of 4124?
4
What is the hundreds digit of 376?
3
What is the tens digit of 10945?
4
What is the thousands digit of 3075?
3
What is the hundreds digit of 66064?
0
What is the ten thousands digit of 19826?
1
What is the tens digit of 890?
9
What is the units digit of 482?
2
What is the hundreds digit of 4765?
7
What is the tens digit of 173?
7
What is the hundreds digit of 766?
7
What is the hundreds digit of 113442?
4
What is the tens digit of 1137?
3
What is the thousands digit of 10348?
0
What is the units digit of 111224?
4
What is the tens digit of 670?
7
What is the thousands digit of 24515?
4
What is the hundreds digit of 14233?
2
What is the hundreds digit of 242?
2
What is the units digit of 343?
3
What is the units digit of 20163?
3
What is the hundreds digit of 828?
8
What is the units digit of 57412?
2
What is the tens digit of 1658?
5
What is the hundreds digit of 45819?
8
What is the tens digit of 3663?
6
What is the ten thousands digit of 21558?
2
What is the hundreds digit of 211?
2
What is the units digit of 35340?
0
What is the units digit of 54629?
9
What is the thousands digit of 4141?
4
What is the thousands digit of 3977?
3
What is the hundreds digit of 1773?
7
What is the units digit of 3476?
6
What is the thousands digit of 5643?
5
What is the units digit of 21?
1
What is the thousands digit of 6922?
6
What is the hundreds digit of 2252?
2
What is the thousands digit of 7921?
7
What is the units digit of 2043?
3
What is the tens digit of 15748?
4
What is the hundreds digit of 935?
9
What is the tens digit of 5237?
3
What is the units digit of 1844?
4
What is the tens digit of 287?
8
What is the tens digit of 551?
5
What is the thousands digit of 62445?
2
What is the thousands digit of 15343?
5
What is the ten thousands digit of 18994?
1
What is the units digit of 57?
7
What is the hundreds digit of 5653?
6
What is the hundreds digit of 1840?
8
What is the hundreds digit of 62399?
3
What is the ten thousands digit of 27450?
2
What is the hundreds digit of 8209?
2
What is the units digit of 233?
3
What is the ten thousands digit of 41488?
4
What is the units digit of 253?
3
What is the tens digit of 429?
2
What is the units digit of 54754?
4
What is the units digit of 3998?
8
What is the tens digit of 99?
9
What is the units digit of 1255?
5
What is the units digit of 51606?
6
What is the hundreds digit of 1283?
2
What is the thousands digit of 7335?
7
What is the thousands digit of 10063?
0
What is the units digit of 39?
9
What is the hundreds digit of 6294?
2
What is the hundreds digit of 1503?
5
What is the tens digit of 216?
1
What is the tens digit of 18949?
4
What is the tens digit of 14403?
0
What is the units digit of 7354?
4
What is the tens digit of 1090?
9
What is the units digit of 1966?
6
What is the tens digit of 16714?
1
What is the units digit of 1905?
5
What is the tens digit of 73388?
8
What is the hundreds digit of 12268?
2
What is the tens digit of 434?
3
What is the units digit of 2746?
6
What is the units digit of 769?
9
What is the units digit of 36379?
9
What is the hundreds digit of 787?
7
What is the thousands digit of 5156?
5
What is the thousands digit of 26568?
6
What is the hundreds digit of 1404?
4
What is the tens digit of 1979?
7
What is the ten thousands digit of 78906?
7
What is the tens digit of 781?
8
What is the units digit of 54815?
5
What is the tens digit of 1026?
2
What is the units digit of 29390?
0
What is the tens digit of 28364?
6
What is the units digit of 5882?
2
What is the ten thousands digit of 72296?
7
What is the hundreds digit of 3764?
7
What is the hundreds digit of 20274?
2
What is the hundreds digit of 3246?
2
What is the thousands digit of 1170?
1
What is the units digit of 3751?
1
What is the units digit of 14002?
2
What is the hundreds digit of 131?
1
What is the hundreds digit of 37278?
2
What is the ten thousands digit of 21234?
2
What is the ten thousands digit of 116747?
1
What is the thousands digit of 4906?
4
What is the units digit of 54033?
3
What is the tens digit of 1893?
9
What is the tens digit of 1609?
0
What is the hundreds digit of 1395?
3
What is the units digit of 24?
4
What is the units digit of 823?
3
What is the units digit of 975?
5
What is the hundreds digit of 321?
3
What is the tens digit of 1120?
2
What is the units digit of 286?
6
What is the ten thousands digit of 30261?
3
What is the units digit of 217?
7
What is the hundreds digit of 11438?
4
What is the hundreds digit of 9439?
4
What is the tens digit of 2491?
9
What is the hundreds di